{"id":14,"date":"2011-01-25T14:23:50","date_gmt":"2011-01-25T13:23:50","guid":{"rendered":"http:\/\/staritrgobkolpi.splet.arnes.si\/2011\/01\/25\/zvonec\/"},"modified":"2025-12-23T12:59:43","modified_gmt":"2025-12-23T11:59:43","slug":"zvonec","status":"publish","type":"page","link":"https:\/\/www.os-stari-trg-ok.si\/?page_id=14","title":{"rendered":"Urnik zvonenja"},"content":{"rendered":"<p><strong>U\u010dne ure in odmori<\/strong><\/p>\n<table style=\"width: 410px;border-collapse: collapse;text-align: center;height: 431px\">\n<thead>\n<tr style=\"background-color: #4f8f3f;color: #ffffff\">\n<th style=\"padding: 10px;border: 1px solid #ccc\">U\u010cNA URA<\/th>\n<th style=\"padding: 10px;border: 1px solid #ccc\">\u010cAS TRAJANJA<\/th>\n<\/tr>\n<\/thead>\n<tbody>\n<tr style=\"background-color: #d9efd4\">\n<td style=\"padding: 10px;border: 1px solid #ccc\">1.<\/td>\n<td style=\"padding: 10px;border: 1px solid #ccc\">7.50 \u2013 8.35<\/td>\n<\/tr>\n<tr>\n<td style=\"padding: 10px;border: 1px solid #ccc\">2.<\/td>\n<td style=\"padding: 10px;border: 1px solid #ccc\">8.40 \u2013 9.25<\/td>\n<\/tr>\n<tr style=\"background-color: #d9efd4;font-weight: bold\">\n<td style=\"padding: 10px;border: 1px solid #ccc\">MALICA<\/td>\n<td style=\"padding: 10px;border: 1px solid #ccc\">9.25 \u2013 9.40<\/td>\n<\/tr>\n<tr>\n<td style=\"padding: 10px;border: 1px solid #ccc\">3.<\/td>\n<td style=\"padding: 10px;border: 1px solid #ccc\">9.40 \u2013 10.25<\/td>\n<\/tr>\n<tr style=\"background-color: #d9efd4\">\n<td style=\"padding: 10px;border: 1px solid #ccc\">4.<\/td>\n<td style=\"padding: 10px;border: 1px solid #ccc\">10.30 \u2013 11.15<\/td>\n<\/tr>\n<tr>\n<td style=\"padding: 10px;border: 1px solid #ccc\">5.<\/td>\n<td style=\"padding: 10px;border: 1px solid #ccc\">11.20 \u2013 12.05<\/td>\n<\/tr>\n<tr style=\"background-color: #d9efd4;font-weight: bold\">\n<td style=\"padding: 10px;border: 1px solid #ccc\">KOSILO<\/td>\n<td style=\"padding: 10px;border: 1px solid #ccc\">12.05 \u2013 12.20<\/td>\n<\/tr>\n<tr>\n<td style=\"padding: 10px;border: 1px solid #ccc;font-weight: bold\">1. razvoz<\/td>\n<td style=\"padding: 10px;border: 1px solid #ccc\">12.25<\/td>\n<\/tr>\n<tr style=\"background-color: #d9efd4\">\n<td style=\"padding: 10px;border: 1px solid #ccc\">6.<\/td>\n<td style=\"padding: 10px;border: 1px solid #ccc\">12.20 \u2013 13.05<\/td>\n<\/tr>\n<tr>\n<td style=\"padding: 10px;border: 1px solid #ccc\">7.<\/td>\n<td style=\"padding: 10px;border: 1px solid #ccc\">13.10 \u2013 13.55<\/td>\n<\/tr>\n<tr style=\"background-color: #d9efd4\">\n<td style=\"padding: 10px;border: 1px solid #ccc\">8.<\/td>\n<td style=\"padding: 10px;border: 1px solid #ccc\">14.00 \u2013 14.45<\/td>\n<\/tr>\n<tr>\n<td style=\"padding: 10px;border: 1px solid #ccc;font-weight: bold\">2. razvoz<\/td>\n<td style=\"padding: 10px;border: 1px solid #ccc\">14.50<\/td>\n<\/tr>\n<\/tbody>\n<\/table>\n<p>&nbsp;<\/p>\n","protected":false},"excerpt":{"rendered":"<p>U\u010dne ure in odmori U\u010cNA URA \u010cAS TRAJANJA 1. 7.50 \u2013 8.35 2. 8.40 \u2013 9.25 MALICA 9.25 \u2013 9.40 3. 9.40 \u2013 10.25 4. 10.30 \u2013 11.15 5. 11.20 [&hellip;]<\/p>\n","protected":false},"author":5516,"featured_media":0,"parent":0,"menu_order":16,"comment_status":"open","ping_status":"closed","template":"","meta":{"ngg_post_thumbnail":0,"footnotes":""},"class_list":["post-14","page","type-page","status-publish","hentry"],"_links":{"self":[{"href":"https:\/\/www.os-stari-trg-ok.si\/index.php?rest_route=\/wp\/v2\/pages\/14","targetHints":{"allow":["GET"]}}],"collection":[{"href":"https:\/\/www.os-stari-trg-ok.si\/index.php?rest_route=\/wp\/v2\/pages"}],"about":[{"href":"https:\/\/www.os-stari-trg-ok.si\/index.php?rest_route=\/wp\/v2\/types\/page"}],"author":[{"embeddable":true,"href":"https:\/\/www.os-stari-trg-ok.si\/index.php?rest_route=\/wp\/v2\/users\/5516"}],"replies":[{"embeddable":true,"href":"https:\/\/www.os-stari-trg-ok.si\/index.php?rest_route=%2Fwp%2Fv2%2Fcomments&post=14"}],"version-history":[{"count":16,"href":"https:\/\/www.os-stari-trg-ok.si\/index.php?rest_route=\/wp\/v2\/pages\/14\/revisions"}],"predecessor-version":[{"id":21852,"href":"https:\/\/www.os-stari-trg-ok.si\/index.php?rest_route=\/wp\/v2\/pages\/14\/revisions\/21852"}],"wp:attachment":[{"href":"https:\/\/www.os-stari-trg-ok.si\/index.php?rest_route=%2Fwp%2Fv2%2Fmedia&parent=14"}],"curies":[{"name":"wp","href":"https:\/\/api.w.org\/{rel}","templated":true}]}}