{"id":159,"date":"2014-12-05T13:39:08","date_gmt":"2014-12-05T12:39:08","guid":{"rendered":"http:\/\/staritrgobkolpi.splet.arnes.si\/2014\/12\/05\/urnik-telovadnice\/"},"modified":"2024-10-15T11:25:35","modified_gmt":"2024-10-15T09:25:35","slug":"urnik-telovadnice","status":"publish","type":"page","link":"https:\/\/www.os-stari-trg-ok.si\/?page_id=159","title":{"rendered":"URNIK TELOVADNICE"},"content":{"rendered":"<p><span style=\"font-family: arial,helvetica,sans-serif\"><strong><span style=\"font-size: 12pt\">Pozdravljeni!<\/span><\/strong><\/span><\/p>\n<p><span style=\"font-family: arial,helvetica,sans-serif\"><strong><span style=\"font-size: 12pt\">&nbsp;<\/span><\/strong><\/span><\/p>\n<p><span style=\"font-family: arial,helvetica,sans-serif\"><strong><span style=\"font-size: 12pt\">\u0160olska telovadnica v popoldanskem \u010dasu ne sameva. Kdo in kdaj jo obiskuje, je razvidno s prilo\u017eenega urnika.<\/span><\/strong><\/span><\/p>\n<p><strong>URNIK&nbsp; TELOVADNICE \u2013 \u0161olsko leto 2015\/2016<\/strong><\/p>\n<p>&nbsp;<\/p>\n<table style=\"width: 946px\" border=\"1\" cellspacing=\"0\" cellpadding=\"0\">\n<tbody>\n<tr>\n<td valign=\"top\"><strong>Ura<\/strong><\/td>\n<td valign=\"top\"><strong>PONEDELJEK<\/strong><\/td>\n<td valign=\"top\">\n<p align=\"center\"><strong>TOREK<\/strong><\/p>\n<\/td>\n<td valign=\"top\">\n<p align=\"center\"><strong>SREDA<\/strong><\/p>\n<\/td>\n<td valign=\"top\">\n<p align=\"center\"><strong>\u010cETRTEK<\/strong><\/p>\n<\/td>\n<td valign=\"top\">\n<p align=\"center\"><strong>PETEK<\/strong><\/p>\n<\/td>\n<td valign=\"top\">\n<p align=\"center\"><strong>SOBOTA<br \/>\n<\/strong><\/p>\n<\/td>\n<td valign=\"top\">\n<p align=\"center\"><strong>NEDELJA<\/strong><\/p>\n<\/td>\n<\/tr>\n<tr>\n<td valign=\"top\">od<\/p>\n<p align=\"center\">14.30<\/p>\n<p align=\"center\">&nbsp;<\/p>\n<\/td>\n<td rowspan=\"3\" valign=\"top\">\n<p align=\"center\"><strong>PRED\u0160OLSKI <\/strong><\/p>\n<p align=\"center\"><strong>OTROCI in <\/strong><\/p>\n<p align=\"center\"><strong>U\u010cENCI <\/strong><\/p>\n<p align=\"center\"><strong>V SPREMSTVU STAR\u0160EV<\/strong><\/p>\n<p align=\"center\">&nbsp;<\/p>\n<\/td>\n<td rowspan=\"4\" valign=\"top\">&nbsp;<\/p>\n<p style=\"text-align: center\"><strong>15.00 \u2013 16.30<\/strong><\/p>\n<p align=\"center\"><strong>Terapevtska skupnost<\/strong><\/p>\n<p align=\"center\"><strong>TAV<\/strong><\/p>\n<\/td>\n<td rowspan=\"3\" valign=\"top\">&nbsp;<\/td>\n<td rowspan=\"3\" valign=\"top\">\n<p align=\"center\"><strong>PRED\u0160OLSKI <\/strong><\/p>\n<p align=\"center\"><strong>OTROCI in <\/strong><\/p>\n<p align=\"center\"><strong>U\u010cENCI V <\/strong><\/p>\n<p align=\"center\"><strong>SPREMSTVU STAR\u0160EV<\/strong><\/p>\n<p align=\"center\">&nbsp;<\/p>\n<\/td>\n<td rowspan=\"4\" valign=\"top\">\n<p align=\"center\"><strong>15.00 \u2013 16.30<\/strong><\/p>\n<p align=\"center\"><strong>Terapevtska skupnost<\/strong><\/p>\n<p align=\"center\"><strong>TAV<\/strong><\/p>\n<p align=\"center\">&nbsp;<\/p>\n<\/td>\n<td rowspan=\"10\" valign=\"top\">\n<p align=\"center\">PRIREDITVE<\/p>\n<p align=\"center\">po predhodnem dogovoru z vodstvom \u0161ole<\/p>\n<p>&nbsp;<\/p>\n<p align=\"center\">&nbsp;Od januarja do konca \u0161ol. leta<\/p>\n<p align=\"center\"><strong>KD ,<br \/>\n<\/strong>razen \u010de prostor za prireditev potrebuje&nbsp; kdo drug<\/p>\n<\/td>\n<td rowspan=\"10\" valign=\"top\">\n<p align=\"center\">PRIREDITVE<\/p>\n<p align=\"center\">po predhodnem dogovoru z vodstvom \u0161ole<\/p>\n<p>&nbsp;<\/p>\n<p align=\"center\">Od januarja do konca \u0161ol. leta<\/p>\n<p align=\"center\"><strong>KD ,<br \/>\n<\/strong>razen \u010de prostor za prireditev potrebuje kdo drug<\/p>\n<\/td>\n<\/tr>\n<tr>\n<td valign=\"top\">15.00<\/td>\n<\/tr>\n<tr>\n<td valign=\"top\">\n<p align=\"center\">15.30<\/p>\n<\/td>\n<\/tr>\n<tr>\n<td valign=\"top\">\n<p align=\"center\">16.00<\/p>\n<\/td>\n<td valign=\"top\">&nbsp;<\/td>\n<td rowspan=\"2\" valign=\"top\">\n<p align=\"center\"><strong>16.00 &#8211; 17.00<br \/>\nTerapevtska skupnost<\/strong><\/p>\n<p align=\"center\"><strong>TAV<\/strong><\/p>\n<\/td>\n<td rowspan=\"4\" valign=\"top\">\n<p align=\"center\">&nbsp;<\/p>\n<\/td>\n<\/tr>\n<tr>\n<td valign=\"top\">\n<p align=\"center\">16.30<\/p>\n<\/td>\n<td valign=\"top\">&nbsp;<\/td>\n<td rowspan=\"3\" valign=\"top\">\n<p align=\"center\"><strong>16.30 &#8211; 17-30<br \/>\nTAMBURA\u0160I in FOLKLORNA SKUPINA<\/strong><\/p>\n<p align=\"center\"><strong>&nbsp;<\/strong><\/p>\n<\/td>\n<td valign=\"top\">&nbsp;<\/td>\n<\/tr>\n<tr>\n<td valign=\"top\">\n<p align=\"center\">17.00<\/p>\n<\/td>\n<td valign=\"top\">&nbsp;<\/td>\n<td rowspan=\"3\" valign=\"top\">\n<p align=\"center\"><strong>&nbsp;17.00 &#8211; 18.30<\/strong><\/p>\n<p align=\"center\"><strong>\u0160PORTNO DRU\u0160TVO KOLPA<\/strong><\/p>\n<\/td>\n<td rowspan=\"4\" valign=\"top\">\n<p align=\"center\"><strong>17.00 &#8211; 19.00<\/strong><\/p>\n<p align=\"center\"><strong>NAMIZNI TENIS <\/strong><br \/>\n<strong>\u010cLANI IZ \u010cRNOMLJA<\/strong><\/p>\n<p>&nbsp;<\/td>\n<\/tr>\n<tr>\n<td valign=\"top\">\n<p align=\"center\">17.30<\/p>\n<\/td>\n<td valign=\"top\">&nbsp;<\/td>\n<\/tr>\n<tr>\n<td valign=\"top\">\n<p align=\"center\">18.00<\/p>\n<\/td>\n<td rowspan=\"3\" valign=\"top\">\n<p align=\"center\"><strong>\u0160PORTNO DRU\u0160TVO<\/strong><\/p>\n<p align=\"center\"><strong>KOLPA<\/strong><\/p>\n<\/td>\n<td rowspan=\"3\" valign=\"top\">\n<p align=\"center\"><strong>17.30 &#8211; 19.30 PRED\u0160OLSKI OTROCI in U\u010cENCI V SPREMSTVU STAR\u0160EV<\/strong><\/p>\n<\/td>\n<td rowspan=\"3\" valign=\"top\">\n<p align=\"center\"><strong>\u0160PORTNO DRU\u0160TVO<br \/>\nKOLPA<\/strong><\/p>\n<\/td>\n<\/tr>\n<tr>\n<td valign=\"top\">\n<p align=\"center\">18.30<\/p>\n<\/td>\n<td rowspan=\"2\" valign=\"top\">\n<p align=\"center\"><strong>18.30 do 19.30<\/strong><\/p>\n<p align=\"center\"><strong>ZIK TELOVADBA<\/strong><\/p>\n<p align=\"center\">&nbsp;<\/p>\n<\/td>\n<\/tr>\n<tr>\n<td valign=\"top\">\n<p align=\"center\">19.00<\/p>\n<\/td>\n<td style=\"text-align: center\" rowspan=\"2\" valign=\"top\"><strong>\u0160PORTNO DRU\u0160TVO<br \/>\nKOLPA<\/strong><\/td>\n<\/tr>\n<tr>\n<td valign=\"top\">\n<p align=\"center\">20.00-<\/p>\n<p>21.00<\/td>\n<td valign=\"top\">&nbsp;<\/td>\n<td valign=\"top\">&nbsp;<\/td>\n<td valign=\"top\">&nbsp;<\/td>\n<td valign=\"top\">&nbsp;<\/td>\n<td valign=\"top\">&nbsp;<\/td>\n<td valign=\"top\">&nbsp;<\/td>\n<\/tr>\n<\/tbody>\n<\/table>\n<p>&nbsp;<\/p>\n<p>&nbsp;<\/p>\n<p>&nbsp;<\/p>\n","protected":false},"excerpt":{"rendered":"<p>Pozdravljeni! &nbsp; \u0160olska telovadnica v popoldanskem \u010dasu ne sameva. Kdo in kdaj jo obiskuje, je razvidno s prilo\u017eenega urnika. URNIK&nbsp; TELOVADNICE \u2013 \u0161olsko leto 2015\/2016 &nbsp; Ura PONEDELJEK TOREK SREDA [&hellip;]<\/p>\n","protected":false},"author":5516,"featured_media":0,"parent":0,"menu_order":10,"comment_status":"open","ping_status":"open","template":"","meta":{"ngg_post_thumbnail":0,"footnotes":""},"class_list":["post-159","page","type-page","status-publish","hentry"],"_links":{"self":[{"href":"https:\/\/www.os-stari-trg-ok.si\/index.php?rest_route=\/wp\/v2\/pages\/159","targetHints":{"allow":["GET"]}}],"collection":[{"href":"https:\/\/www.os-stari-trg-ok.si\/index.php?rest_route=\/wp\/v2\/pages"}],"about":[{"href":"https:\/\/www.os-stari-trg-ok.si\/index.php?rest_route=\/wp\/v2\/types\/page"}],"author":[{"embeddable":true,"href":"https:\/\/www.os-stari-trg-ok.si\/index.php?rest_route=\/wp\/v2\/users\/5516"}],"replies":[{"embeddable":true,"href":"https:\/\/www.os-stari-trg-ok.si\/index.php?rest_route=%2Fwp%2Fv2%2Fcomments&post=159"}],"version-history":[{"count":5,"href":"https:\/\/www.os-stari-trg-ok.si\/index.php?rest_route=\/wp\/v2\/pages\/159\/revisions"}],"predecessor-version":[{"id":18602,"href":"https:\/\/www.os-stari-trg-ok.si\/index.php?rest_route=\/wp\/v2\/pages\/159\/revisions\/18602"}],"wp:attachment":[{"href":"https:\/\/www.os-stari-trg-ok.si\/index.php?rest_route=%2Fwp%2Fv2%2Fmedia&parent=159"}],"curies":[{"name":"wp","href":"https:\/\/api.w.org\/{rel}","templated":true}]}}