{"id":18932,"date":"2024-11-14T11:26:28","date_gmt":"2024-11-14T10:26:28","guid":{"rendered":"https:\/\/staritrgobkolpi.splet.arnes.si\/?page_id=18932"},"modified":"2025-11-20T12:05:06","modified_gmt":"2025-11-20T11:05:06","slug":"ucbeniski-sklad-2","status":"publish","type":"page","link":"https:\/\/www.os-stari-trg-ok.si\/?page_id=18932","title":{"rendered":"U\u010dbeni\u0161ki sklad"},"content":{"rendered":"<p>\u0160ola izposoja u\u010dencem, vpisanim v \u0161olski u\u010dbeni\u0161ki sklad, komplete u\u010dbenikov za posamezni razred iz \u0161olskega u\u010dbeni\u0161kega sklada, ki ga je \u0161ola ustanovila ob finan\u010dni podpori ministrstva. Od \u0161ol. l. 2017\/2018 v US prvo\u0161olci prejmejo brezpla\u010dno tudi ostala u\u010dna gradiva (DZ, SDZ, MUK), od \u0161ol. l. 2019\/2020 velja enako tudi za u\u010dence 2. razreda in od \u0161ol. l. 2020\/2021 \u0161e za tretje\u0161olce. Za izposojene u\u010dbenike in u\u010dna gradiva iz sklada star\u0161em ni potrebno pla\u010dati izposojevalnine. Sredstva zagotavlja \u0161oli ministrstvo. U\u010denci so ob zaklju\u010dku \u0161olskega leta dol\u017eni pravo\u010dasno vrniti vse izposojene u\u010dbenike in gradiva (npr. zgo\u0161\u010denke, \u010de so le-te priloga u\u010dbenikom) nepo\u0161kodovane. \u010ce u\u010dbenika ne vrnejo, so star\u0161i dol\u017eni pla\u010dati nabavno ceno novega. \u0160olski u\u010dbeni\u0161ki sklad vodi skrbnica knji\u017eni\u010darka Vida Zupan\u010di\u010d.<\/p>\n","protected":false},"excerpt":{"rendered":"<p>\u0160ola izposoja u\u010dencem, vpisanim v \u0161olski u\u010dbeni\u0161ki sklad, komplete u\u010dbenikov za posamezni razred iz \u0161olskega u\u010dbeni\u0161kega sklada, ki ga je \u0161ola ustanovila ob finan\u010dni podpori ministrstva. Od \u0161ol. l. 2017\/2018 [&hellip;]<\/p>\n","protected":false},"author":91022,"featured_media":0,"parent":0,"menu_order":0,"comment_status":"closed","ping_status":"closed","template":"","meta":{"ngg_post_thumbnail":0,"footnotes":""},"class_list":["post-18932","page","type-page","status-publish","hentry"],"_links":{"self":[{"href":"https:\/\/www.os-stari-trg-ok.si\/index.php?rest_route=\/wp\/v2\/pages\/18932","targetHints":{"allow":["GET"]}}],"collection":[{"href":"https:\/\/www.os-stari-trg-ok.si\/index.php?rest_route=\/wp\/v2\/pages"}],"about":[{"href":"https:\/\/www.os-stari-trg-ok.si\/index.php?rest_route=\/wp\/v2\/types\/page"}],"author":[{"embeddable":true,"href":"https:\/\/www.os-stari-trg-ok.si\/index.php?rest_route=\/wp\/v2\/users\/91022"}],"replies":[{"embeddable":true,"href":"https:\/\/www.os-stari-trg-ok.si\/index.php?rest_route=%2Fwp%2Fv2%2Fcomments&post=18932"}],"version-history":[{"count":5,"href":"https:\/\/www.os-stari-trg-ok.si\/index.php?rest_route=\/wp\/v2\/pages\/18932\/revisions"}],"predecessor-version":[{"id":21417,"href":"https:\/\/www.os-stari-trg-ok.si\/index.php?rest_route=\/wp\/v2\/pages\/18932\/revisions\/21417"}],"wp:attachment":[{"href":"https:\/\/www.os-stari-trg-ok.si\/index.php?rest_route=%2Fwp%2Fv2%2Fmedia&parent=18932"}],"curies":[{"name":"wp","href":"https:\/\/api.w.org\/{rel}","templated":true}]}}