{"id":685,"date":"2016-03-21T13:05:09","date_gmt":"2016-03-21T12:05:09","guid":{"rendered":"http:\/\/staritrgobkolpi.splet.arnes.si\/?page_id=685"},"modified":"2023-06-05T11:27:34","modified_gmt":"2023-06-05T09:27:34","slug":"informacije","status":"publish","type":"page","link":"https:\/\/www.os-stari-trg-ok.si\/?page_id=685","title":{"rendered":"Informacije"},"content":{"rendered":"<p>Spo\u0161tovani.<\/p>\r\n<p>Ob ponovnem odprtju vrtca je potrebno upo\u0161tevati pravila za prepre\u010devanje \u0161irjenje oku\u017ebe SARS Cov-2.<br>V celoti si jih lahko preberete v priponki.<\/p>\r\n<p><a href=\"http:\/\/staritrgobkolpi.splet.arnes.si\/files\/2021\/02\/PROTOKOL-VVE-COVID-januar-2021.pdf\">PROTOKOL &#8211; VVE &#8211; COVID januar 2021<\/a><\/p>\r\n<p>&nbsp;<\/p>\r\n<p><strong>OBVESTILO O DELOVANJU VZGOJNO VARSTVENE ENOTE PRI O\u0160 STARI TRG OB KOLPI<\/strong><\/p>\r\n<p>Ob\u010dina \u010crnomelj je, 4. 1. 2021, izdala sklep, s katerim dolo\u010da izjemo od splo\u0161nega zaprtja vrtcev. Tako je na obmo\u010dju ob\u010dine \u010crnomelj, od 4. 1. 2021, za izjeme odprt vrtec O\u0160 Stari trg ob Kolpi \u2013 Enota vrtca v Starem trgu ob Kolpi.<\/p>\r\n<p>Vrtec je odprt za star\u0161e, katerim delodajalec ne more omogo\u010diti delo na domu oz. dela na daljavo in ki nimajo druge mo\u017enosti glede varstva otrok in nujno potrebujejo varstvo otrok.<\/p>\r\n<p>Poslovni \u010das vrtca je prilagojen izkazani potrebi star\u0161ev; in sicer je&nbsp;<u>vrtec odprt vsak delovni dan v \u010dasu od 5.30 do 16.15.<\/u><\/p>\r\n<p>Delovanje vrtca je organizirano v minimalnem obsegu, v skladu z vsemi priporo\u010denimi smernicami ministrstva, pristojnega za zdravje in Nacionalnega in\u0161tituta za javno zdravje za prepre\u010devanje oku\u017ebe z virusom SARS-CoV-2.<\/p>\r\n<p>&nbsp;<\/p>\r\n<p><a href=\"http:\/\/staritrgobkolpi.splet.arnes.si\/files\/2016\/03\/Navodila-za-star\u0161e-ob-vrnitvi-otroka-v-vrtec.docx\">Navodila za star\u0161e ob vrnitvi otroka v vrtec<\/a><\/p>\r\n<p>&nbsp;<\/p>\r\n<!-- \/wp:post-content -->","protected":false},"excerpt":{"rendered":"<p>Spo\u0161tovani. Ob ponovnem odprtju vrtca je potrebno upo\u0161tevati pravila za prepre\u010devanje \u0161irjenje oku\u017ebe SARS Cov-2.V celoti si jih lahko preberete v priponki. PROTOKOL &#8211; VVE &#8211; COVID januar 2021 &nbsp; [&hellip;]<\/p>\n","protected":false},"author":7697,"featured_media":0,"parent":0,"menu_order":0,"comment_status":"closed","ping_status":"closed","template":"","meta":{"ngg_post_thumbnail":0,"footnotes":""},"class_list":["post-685","page","type-page","status-publish","hentry"],"_links":{"self":[{"href":"https:\/\/www.os-stari-trg-ok.si\/index.php?rest_route=\/wp\/v2\/pages\/685","targetHints":{"allow":["GET"]}}],"collection":[{"href":"https:\/\/www.os-stari-trg-ok.si\/index.php?rest_route=\/wp\/v2\/pages"}],"about":[{"href":"https:\/\/www.os-stari-trg-ok.si\/index.php?rest_route=\/wp\/v2\/types\/page"}],"author":[{"embeddable":true,"href":"https:\/\/www.os-stari-trg-ok.si\/index.php?rest_route=\/wp\/v2\/users\/7697"}],"replies":[{"embeddable":true,"href":"https:\/\/www.os-stari-trg-ok.si\/index.php?rest_route=%2Fwp%2Fv2%2Fcomments&post=685"}],"version-history":[{"count":39,"href":"https:\/\/www.os-stari-trg-ok.si\/index.php?rest_route=\/wp\/v2\/pages\/685\/revisions"}],"predecessor-version":[{"id":16690,"href":"https:\/\/www.os-stari-trg-ok.si\/index.php?rest_route=\/wp\/v2\/pages\/685\/revisions\/16690"}],"wp:attachment":[{"href":"https:\/\/www.os-stari-trg-ok.si\/index.php?rest_route=%2Fwp%2Fv2%2Fmedia&parent=685"}],"curies":[{"name":"wp","href":"https:\/\/api.w.org\/{rel}","templated":true}]}}

<p>Spoštovani.</p>
<p>Ob ponovnem odprtju vrtca je potrebno upoštevati pravila za preprečevanje širjenje okužbe SARS Cov-2.<br>V celoti si jih lahko preberete v priponki.</p>
<p><a href="http://staritrgobkolpi.splet.arnes.si/files/2021/02/PROTOKOL-VVE-COVID-januar-2021.pdf">PROTOKOL &#8211; VVE &#8211; COVID januar 2021</a></p>
<p>&nbsp;</p>
<p><strong>OBVESTILO O DELOVANJU VZGOJNO VARSTVENE ENOTE PRI OŠ STARI TRG OB KOLPI</strong></p>
<p>Občina Črnomelj je, 4. 1. 2021, izdala sklep, s katerim določa izjemo od splošnega zaprtja vrtcev. Tako je na območju občine Črnomelj, od 4. 1. 2021, za izjeme odprt vrtec OŠ Stari trg ob Kolpi – Enota vrtca v Starem trgu ob Kolpi.</p>
<p>Vrtec je odprt za starše, katerim delodajalec ne more omogočiti delo na domu oz. dela na daljavo in ki nimajo druge možnosti glede varstva otrok in nujno potrebujejo varstvo otrok.</p>
<p>Poslovni čas vrtca je prilagojen izkazani potrebi staršev; in sicer je&nbsp;<u>vrtec odprt vsak delovni dan v času od 5.30 do 16.15.</u></p>
<p>Delovanje vrtca je organizirano v minimalnem obsegu, v skladu z vsemi priporočenimi smernicami ministrstva, pristojnega za zdravje in Nacionalnega inštituta za javno zdravje za preprečevanje okužbe z virusom SARS-CoV-2.</p>
<p>&nbsp;</p>
<p><a href="http://staritrgobkolpi.splet.arnes.si/files/2016/03/Navodila-za-starše-ob-vrnitvi-otroka-v-vrtec.docx">Navodila za starše ob vrnitvi otroka v vrtec</a></p>
<p>&nbsp;</p>
<!-- /wp:post-content -->

<p>Spoštovani. Ob ponovnem odprtju vrtca je potrebno upoštevati pravila za preprečevanje širjenje okužbe SARS Cov-2.V celoti si jih lahko preberete v priponki. PROTOKOL &#8211; VVE &#8211; COVID januar 2021 &nbsp; [&hellip;]</p>
