{"id":698,"date":"2016-03-24T11:20:55","date_gmt":"2016-03-24T10:20:55","guid":{"rendered":"http:\/\/staritrgobkolpi.splet.arnes.si\/?page_id=698"},"modified":"2023-10-24T10:15:17","modified_gmt":"2023-10-24T08:15:17","slug":"solska-svetovalna-sluzba","status":"publish","type":"page","link":"https:\/\/www.os-stari-trg-ok.si\/?page_id=698","title":{"rendered":"\u0160olska svetovalna slu\u017eba"},"content":{"rendered":"<p><strong>Predstavitev svetovalne slu\u017ebe&nbsp; &nbsp;<\/strong><\/p>\n<p>\u0160olska svetovalna slu\u017eba, ki jo izvaja mag. Andreja Rade, svetuje u\u010dencem in star\u0161em ter sodeluje z u\u010ditelji in vodstvom \u0161ole pri na\u010drtovanju in spremljanju razvoja \u0161ole ter pri opravljanju vzgojno-izobra\u017eevalnega dela. Temeljni cilj \u0161olske svetovalne slu\u017ebe je sodelovati pri vzpostavljanju in vzdr\u017eevanju pogojev za vsestranski&nbsp; razvoj vsakega u\u010denca \u0161ole. Pri svojem delu se povezuje tudi z zunanjimi strokovnimi institucijami. Delo svetovalne slu\u017ebe v \u0161oli obsega 0,50 delovnega \u010dasa.<\/p>\n<p><strong><em>Temeljne prednostne naloge \u0161olske svetovalne slu\u017ebe:<\/em><\/strong><\/p>\n<ul>\n<li>\u0161olski novinci \u2013 postopek vpisa, spremljava in pomo\u010d pri premagovanju morebitnih te\u017eav,<\/li>\n<li>karierna orientacija,<\/li>\n<li>individualno in skupinsko delo z u\u010denci z motnjami in te\u017eavami v razvoju,<\/li>\n<li>izvajanje,&nbsp;&nbsp; koordiniranje in spremljanje&nbsp; oblik pomo\u010di u\u010dencem z u\u010dnimi te\u017eavami,<\/li>\n<li>sodelovanje z u\u010ditelji pri izdelavi individualiziranih programov,<\/li>\n<li>spremljanje in koordinacija dela z nadarjenimi u\u010denci,<\/li>\n<li>sodelovanje pri organizaciji in izvedbi sodelovanja s star\u0161i,<\/li>\n<li>sodelovanje pri na\u010drtovanju in evalvaciji vzgojno-izobra\u017eevalnega dela \u0161ole,<\/li>\n<li>sodelovanje v projektih,<\/li>\n<li>analiza u\u010dnega uspeha in vzgojne problematike \u0161ole,<\/li>\n<li>prizadevanje za dobro psihosocialno klimo \u0161ole.<\/li>\n<\/ul>\n<p><strong><em>Svetovalna slu\u017eba se vklju\u010duje v kompleksno re\u0161evanje pedago\u0161kih, psiholo\u0161kih in socialnih vpra\u0161anj v \u0161oli preko treh osnovnih, med seboj povezanih in pogosto prepletenih vrst dejavnosti svetovalne slu\u017ebe:<\/em><\/strong><\/p>\n<ul>\n<li>dejavnosti pomo\u010di,<\/li>\n<li>razvojnih in preventivnih dejavnosti,<\/li>\n<li>dejavnosti na\u010drtovanja in evalvacije.<\/li>\n<\/ul>\n<p><strong><em>Svetovalna slu\u017eba preko teh treh osnovnih vrst dejavnosti pomaga vsem mo\u017enim udele\u017eencem v \u0161oli (u\u010dencem, u\u010diteljem, vodstvu in star\u0161em) in z njimi sodeluje na naslednjih podro\u010djih vsakdanjega \u017eivljenja in dela v vrtcu oziroma \u0161oli:<\/em><\/strong><\/p>\n<ul>\n<li>u\u010denja in pou\u010devanja,<\/li>\n<li>\u0161olske kulture, vzgoje, klime in reda,<\/li>\n<li>telesnega, osebnega (spoznavnega in \u010dustvenega) in socialnega razvoja,<\/li>\n<li>\u0161olanja in karierne orientacije (oziroma sprejema otrok v \u0161olo in njihovega prehoda v srednjo \u0161olo),<\/li>\n<li>ter na podro\u010dju razre\u0161evanja socialno-ekonomskih stisk.<\/li>\n<\/ul>\n<p><strong><em>Osnovna na\u010dela svetovalnega procesa pri delu z u\u010denci in star\u0161i so:<\/em><\/strong><\/p>\n<ul>\n<li>prostovoljnost,<\/li>\n<li>zaupnost,<\/li>\n<li>dobrobit svetovanca.<\/li>\n<\/ul>\n<p>Svetovalna slu\u017eba vse delo in aktivnosti opravlja skladno s Programskimi smernicami za svetovalno slu\u017ebo v osnovni \u0161oli.<\/p>\n<p>V strokovnem pogledu je svetovalna slu\u017eba pri svojem delu avtonomna. Vselej je dol\u017ena posredovati korektna strokovna mnenja. O strokovnih vpra\u0161anjih in o na\u010dinih svojega dela odlo\u010da sama oziroma sodeluje s sodelavci.<\/p>\n<p><span style=\"color: #008000\"><a style=\"color: #008000\" href=\"http:\/\/staritrgobkolpi.splet.arnes.si\/files\/2016\/03\/zlo\u017eenka-SS.pdf\">Zlo\u017eenka SS<\/a><\/span><\/p>\n<p><span style=\"color: #000000\">Program dela \u0161olske svetovalne delavke:<\/span> <span style=\"color: #008000\"><a style=\"color: #008000\" href=\"http:\/\/os-stari-trg-ok.si\/files\/2016\/03\/PROGRAM-dela.pdf\">Ve\u010d\u2026<\/a><\/span><\/p>\n","protected":false},"excerpt":{"rendered":"<p>Predstavitev svetovalne slu\u017ebe&nbsp; &nbsp; \u0160olska svetovalna slu\u017eba, ki jo izvaja mag. Andreja Rade, svetuje u\u010dencem in star\u0161em ter sodeluje z u\u010ditelji in vodstvom \u0161ole pri na\u010drtovanju in spremljanju razvoja \u0161ole [&hellip;]<\/p>\n","protected":false},"author":7697,"featured_media":0,"parent":0,"menu_order":0,"comment_status":"closed","ping_status":"closed","template":"","meta":{"ngg_post_thumbnail":0,"footnotes":""},"class_list":["post-698","page","type-page","status-publish","hentry"],"_links":{"self":[{"href":"https:\/\/www.os-stari-trg-ok.si\/index.php?rest_route=\/wp\/v2\/pages\/698","targetHints":{"allow":["GET"]}}],"collection":[{"href":"https:\/\/www.os-stari-trg-ok.si\/index.php?rest_route=\/wp\/v2\/pages"}],"about":[{"href":"https:\/\/www.os-stari-trg-ok.si\/index.php?rest_route=\/wp\/v2\/types\/page"}],"author":[{"embeddable":true,"href":"https:\/\/www.os-stari-trg-ok.si\/index.php?rest_route=\/wp\/v2\/users\/7697"}],"replies":[{"embeddable":true,"href":"https:\/\/www.os-stari-trg-ok.si\/index.php?rest_route=%2Fwp%2Fv2%2Fcomments&post=698"}],"version-history":[{"count":16,"href":"https:\/\/www.os-stari-trg-ok.si\/index.php?rest_route=\/wp\/v2\/pages\/698\/revisions"}],"predecessor-version":[{"id":17142,"href":"https:\/\/www.os-stari-trg-ok.si\/index.php?rest_route=\/wp\/v2\/pages\/698\/revisions\/17142"}],"wp:attachment":[{"href":"https:\/\/www.os-stari-trg-ok.si\/index.php?rest_route=%2Fwp%2Fv2%2Fmedia&parent=698"}],"curies":[{"name":"wp","href":"https:\/\/api.w.org\/{rel}","templated":true}]}}