{"id":9285,"date":"2019-09-24T09:16:37","date_gmt":"2019-09-24T07:16:37","guid":{"rendered":"http:\/\/staritrgobkolpi.splet.arnes.si\/?page_id=9285"},"modified":"2024-11-14T11:40:47","modified_gmt":"2024-11-14T10:40:47","slug":"obrazci-za-opravicilo-od-pouka","status":"publish","type":"page","link":"https:\/\/www.os-stari-trg-ok.si\/?page_id=9285","title":{"rendered":"Vloge in obrazci"},"content":{"rendered":"<p><span style=\"color: #000000\"><a style=\"color: #000000\" href=\"https:\/\/www.os-stari-trg-ok.si\/files\/2024\/02\/Obrazec-za-koriscenje-prostih-dni1.pdf\">Obrazec za kori\u0161\u010denje prostih dni<\/a><\/span><\/p>\n<p><span style=\"color: #000000\"><a style=\"color: #000000\" href=\"http:\/\/staritrgobkolpi.splet.arnes.si\/files\/2019\/09\/Obrazec-za-opravi\u010dilo.doc\">Obrazec za opravi\u010dilo<\/a><\/span><\/p>\n","protected":false},"excerpt":{"rendered":"<p>Obrazec za kori\u0161\u010denje prostih dni Obrazec za opravi\u010dilo<\/p>\n","protected":false},"author":35459,"featured_media":0,"parent":0,"menu_order":0,"comment_status":"closed","ping_status":"closed","template":"","meta":{"ngg_post_thumbnail":0,"footnotes":""},"class_list":["post-9285","page","type-page","status-publish","hentry"],"_links":{"self":[{"href":"https:\/\/www.os-stari-trg-ok.si\/index.php?rest_route=\/wp\/v2\/pages\/9285","targetHints":{"allow":["GET"]}}],"collection":[{"href":"https:\/\/www.os-stari-trg-ok.si\/index.php?rest_route=\/wp\/v2\/pages"}],"about":[{"href":"https:\/\/www.os-stari-trg-ok.si\/index.php?rest_route=\/wp\/v2\/types\/page"}],"author":[{"embeddable":true,"href":"https:\/\/www.os-stari-trg-ok.si\/index.php?rest_route=\/wp\/v2\/users\/35459"}],"replies":[{"embeddable":true,"href":"https:\/\/www.os-stari-trg-ok.si\/index.php?rest_route=%2Fwp%2Fv2%2Fcomments&post=9285"}],"version-history":[{"count":13,"href":"https:\/\/www.os-stari-trg-ok.si\/index.php?rest_route=\/wp\/v2\/pages\/9285\/revisions"}],"predecessor-version":[{"id":18951,"href":"https:\/\/www.os-stari-trg-ok.si\/index.php?rest_route=\/wp\/v2\/pages\/9285\/revisions\/18951"}],"wp:attachment":[{"href":"https:\/\/www.os-stari-trg-ok.si\/index.php?rest_route=%2Fwp%2Fv2%2Fmedia&parent=9285"}],"curies":[{"name":"wp","href":"https:\/\/api.w.org\/{rel}","templated":true}]}}